ed by ((-3)/(-2))/((-1)/(-6)).
7
What is the remainder when 279 is divided by (-155 - -250)/((1*-1)/(-1))?
89
Calculate the remainder when (17 - -1)*(11 + 1914/44) is divided by 19.
12
Suppose -39*f + 226 = -554. Suppose 3*o - 2 = 76. Calculate the remainder when f is divided by 2/4 + o/4.
6
Suppose 4*x + 36 = 204. Suppose 46*q = 51*q - 825. Calculate the remainder when q is divided by x.
39
What is the remainder when 36/54*(0 - -114) is divided by 29?
18
Suppose -3*f + 7 = 4*i - 76, -i = 2*f - 62. Suppose -148 + f = -5*b. What is the remainder when 68 is divided by b?
22
Suppose 0 = 25*b - 3967 + 742. What is the remainder when 245 is divided by b?
116
Let j = -38 - -46. Let y = -2 + -1. Let q = j - y. What is the remainder when q is divided by 3?
2
Let z = 2303 - 2268. What is the remainder when 127 is divided by z?
22
Suppose 19*o - 1127 - 2084 = 0. Calculate the remainder when o is divided by 43.
40
Suppose 0 = j + 4*j - 205. Suppose -k + 14 = -0*k. Calculate the remainder when j is divided by k.
13
Let g(l) = 14*l**2 + 6*l + 7. Let m be g(-6). Suppose v = -4*v + m. Calculate the remainder when 25 is divided by (-1)/2 + v/10.
7
Let p = 64 - 38. Suppose 4*f - 18 = 3*j, -3*j + j - 12 = -4*f. What is the remainder when (-2)/j - 3020/(-30) is divided by p?
23
Let j(p) be the first derivative of 2*p**2 - 2*p + 3. Calculate the remainder when 54 is divided by j(4).
12
Let v(t) = t - 2. Let l be v(4). Suppose l*h - 49 = 53. Let q(c) = c**3 - 46*c**2 + 45*c + 13. What is the remainder when h is divided by q(45)?
12
Let f = 38 - 21. Suppose -2 = -3*l + 2*w - 1, 5*l = -3*w + 27. What is the remainder when f is divided by (-14)/(-4)*(l - 1)?
3
Let n be (-1)/(-3) - 175/(-15). Let p = -3 + n. Suppose 5*i - 213 + 38 = 0. What is the remainder when i is divided by p?
8
Suppose 0 = 4*l - 5*s - 28, 0*s + 12 = 2*l - 3*s. What is the remainder when l is divided by 9?
3
Let m(x) be the first derivative of -x**3/3 + 11*x**2/2 + 6*x - 22. Calculate the remainder when 65 is divided by m(7).
31
Suppose -5*k + 9 = -4*k. Suppose -4*r = -74 + 26. What is the remainder when r is divided by k?
3
Suppose 3448 - 3560 = -7*h. Calculate the remainder when 227 is divided by h.
3
Suppose -26*y + 4*y + 3337 = 25*y. Let d(j) = 3*j - 3. What is the remainder when y is divided by d(5)?
11
Suppose h = -3*f + 28, 40*f = 41*f - 5*h - 20. What is the remainder when 33 is divided by f?
3
Let v = 0 - -5. Suppose 2*a + 0*a = -v*h + 210, 4*h - 156 = -4*a. Suppose -3*w = -15 - 30. What is the remainder when h is divided by w?
14
What is the remainder when (155 + -12)*(-2 + 3) is divided by 38?
29
Let n be (10 - 1)/(6/18). Let o = 16 - 10. Suppose -9 - n = -o*c. Calculate the remainder when 22 is divided by c.
4
Suppose 5*c - 76 = -4*p, -220*p - 19 = -221*p - 5*c. What is the remainder when p is divided by 18?
1
Let q(n) = 12*n + 170. What is the remainder when q(-9) is divided by 21?
20
Let u(q) = 25*q - 324. Calculate the remainder when u(18) is divided by 16.
14
Let c(d) = d**3 - 4*d**2 - 3*d + 5. Let m(l) = 41*l + 39. Let s be m(-3). Calculate the remainder when c(6) is divided by 12/21 - 3*320/s.
11
Suppose -4*b + 96 = -4*a, 0*b - 52 = -2*b - 2*a. Suppose -x - q + b + 5 = 0, x + 3*q = 40. Calculate the remainder when x is divided by 9.
7
Let q = -7 + 12. Suppose -2*g - 925 = 5*d, -8*d = -6*d - 3*g + 389. Let a = d + 190. What is the remainder when q is divided by a?
2
Let p be (0 - 3) + (-25)/(-5). Calculate the remainder when 69 is divided by -5 - -7 - -11*p.
21
Let o(d) = -d - 1. Let n(h) = -h**2 + 8*h - 23. Let l(p) = n(p) - 4*o(p). Let k = 62 - 12. Calculate the remainder when k is divided by l(8).
11
Let n be (-265)/(-6) + 2/(-12). Let s = n - 28. Let w = s + -1. Calculate the remainder when 57 is divided by w.
12
Suppose 7*c - 12 = 6*c. Suppose -4*t + 22 = 3*j, -4*j - 2*t + t = -c. What is the remainder when 5 is divided by j?
1
Suppose 6*p = 7 + 77. What is the remainder when 176 is divided by p?
8
Suppose 0 = -16*z - 117 + 1029. Calculate the remainder when 186 is divided by z.
15
Let f = -80 - -114. Let k = f + -11. What is the remainder when 45 is divided by k?
22
Suppose 2*y = -4*z + z + 4, 0 = z + y. Suppose -z*l + 0 = -116. What is the remainder when l is divided by 5?
4
Let w(d) = -27*d + 25. Calculate the remainder when w(-6) is divided by 34.
17
Suppose 0*o + 2*o + y = 6, 0 = 4*o - y - 18. Suppose o*m - 24 = -8, 3*d - 125 = -5*m. Calculate the remainder when d is divided by 10.
5
Let m(o) = o**2 - 13*o - 41. Let n be m(17). Suppose 17 = -c + n. Let w = 39 + -11. What is the remainder when w is divided by c?
8
Let k = 8 - 10. Let s be (k/3)/((-1)/(-42)). Let l = s + 40. Calculate the remainder when 35 is divided by l.
11
Let s = 11 - 9. Suppose 3*o - 4*r - 5 = -69, 4*o + 82 = s*r. Let g = o + 30. Calculate the remainder when 18 is divided by g.
8
Suppose -n + 3*u + 5 = 0, 0 = n - 4*n + u + 15. Suppose x + 4 = 0, -5*x - 160 = s - n*s. Calculate the remainder when s is divided by 12.
11
Let p(x) = 6*x - 14. Let c(u) = u**2 + 1. Let n be c(-3). Let a be n/(-45) - 112/(-18). What is the remainder when 42 is divided by p(a)?
20
Suppose 4*c + 25 = 33. Let b be (-28)/(-5) - (-10)/25. Suppose -j - 2 = -b. Calculate the remainder when j is divided by c.
0
Suppose -4*a - 2*j + 400 = -0*j, -3*a + 4*j + 311 = 0. Let m = 7 + 10. Calculate the remainder when a is divided by m.
16
Suppose -8*b = -b - 343. Suppose -11*z + 4*z + b = 0. Calculate the remainder when z is divided by 2.
1
Calculate the remainder when 138 is divided by (-69)/(-4) + (-165)/(-44) + -5.
10
Suppose 215*q - 203*q - 288 = 0. What is the remainder when q is divided by 24?
0
Suppose -6*o + 27 = -3*o. What is the remainder when 81 is divided by (-3)/o*-51 + 4?
18
Let f = -21 + 21. Suppose -4*t - 3*z - 198 - 94 = f, 5*z = -20. What is the remainder when 7 is divided by (t/(-56))/(2/8)?
2
Suppose -3*h + 0*h = -15. Let c be ((-2)/h)/(1/5). What is the remainder when 34 is divided by 11 + (-2)/4*c?
10
Let x(p) be the third derivative of p**5/60 - p**4/24 - 6*p**3 + 37*p**2. What is the remainder when 14 is divided by x(-6)?
2
Let x(b) = b**3 + 10*b**2 + 10*b + 15. Let y(u) = u**3 - 12*u**2 - 15*u + 20. Let q be y(13). What is the remainder when x(q) is divided by 17?
14
Calculate the remainder when 1950/20 + (-3)/(-6)*-1 is divided by 34.
29
Let x(p) = -p**3 + 14*p**2 - 16*p + 44. Suppose 5*c - 8 = 57. Calculate the remainder when (38/8)/((-3)/(-12)) is divided by x(c).
4
Suppose 2*y = -10, -4*f + 25 = f - 2*y. Let u be (-3)/(-12) - 19/(-4). Let t(o) = -o**3 + 6*o**2 - 5*o + 6. Calculate the remainder when t(u) is divided by f.
0
Let a(y) = 46*y - 189. What is the remainder when a(6) is divided by 1/(-6)*10*-9?
12
Suppose 4*l - 140 = -4*w, -l - 117 - 58 = -5*w. Let x be w/(-2)*(-40)/(-50). What is the remainder when (7/x)/(3/(-258)) is divided by 11?
10
Calculate the remainder when 31 is divided by 12 + (-5)/(60/96).
3
Let x be ((-10)/(-3) + -2)*3. Suppose -x*i - 17 = -3*u, -3*i - 14 = -2*u + i. Suppose -8*d + 210 = -u*d. Calculate the remainder when d is divided by 22.
20
Suppose 3*h - 24 + 6 = 0. Calculate the remainder when h is divided by 9 - (5 + -3 - -3).
2
Suppose -151*d + 61*d = -720. Let p = -30 + 53. What is the remainder when p is divided by d?
7
What is the remainder when -1 + -2 + 1 + 1 + 220 is divided by 57?
48
Suppose -4*g + 274 + 142 = 0. Calculate the remainder when 828 is divided by g.
100
Let w = 15 + -11. Suppose -4 = -0*q + w*q, 5*q - 208 = -3*z. What is the remainder when z is divided by 36?
35
Suppose -5*j = -3*k - 166, k - 61 = -2*j + 4*k. Let p = 54 - 42. What is the remainder when j is divided by p?
11
Let o = 56 + -24. Let u be (o/(-12))/(6/9). Calculate the remainder when 38 is divided by (-13 - (u + 4))*-1.
12
Calculate the remainder when 85 is divided by (-6)/30*(-3 - 2) - -42.
42
Suppose 2*n + 3*f + 14 = 0, 4*f + 4 + 12 = 0. What is the remainder when 88 is divided by 184/(-4)*n/2?
19
Let i = 27 + -17. Calculate the remainder when i is divided by (10 + -6)*6/4.
4
Let f(n) = 43*n**3 - n**2 - n + 1. Suppose -4*s + 3*x + x = 0, 3 = 5*s - 2*x. Calculate the remainder when f(s) is divided by 12.
6
Suppose -2*c - c = -3*f + 1083, 5*f - 2*c - 1805 = 0. Calculate the remainder when f is div